of 568066 and 6470?
1294
What is the greatest common divisor of 249135 and 102?
51
Calculate the highest common factor of 693 and 104832.
63
What is the greatest common divisor of 48495 and 4331?
61
What is the greatest common divisor of 303 and 1132917?
303
What is the highest common factor of 13665 and 570?
15
What is the highest common factor of 126 and 10681776?
126
What is the greatest common divisor of 25193042 and 14?
14
Calculate the greatest common divisor of 26070 and 132.
66
What is the greatest common factor of 1412 and 20?
4
What is the greatest common factor of 4565915 and 5?
5
Calculate the highest common divisor of 57 and 4788399.
57
What is the greatest common factor of 607840 and 131?
131
Calculate the highest common factor of 15 and 9260595.
15
What is the greatest common divisor of 69290 and 5?
5
What is the greatest common factor of 95 and 190950?
95
Calculate the greatest common divisor of 1138459 and 12632.
1579
Calculate the highest common divisor of 4036 and 16.
4
What is the highest common divisor of 176593 and 137?
137
What is the highest common divisor of 6 and 50574?
6
Calculate the greatest common divisor of 280929 and 363.
33
Calculate the highest common divisor of 84 and 363.
3
What is the greatest common factor of 1716356 and 148?
148
Calculate the highest common factor of 52 and 212368.
52
What is the greatest common factor of 1246 and 9701?
89
Calculate the highest common divisor of 7821 and 81873.
99
What is the greatest common factor of 244 and 2299151?
61
What is the greatest common factor of 24 and 1964?
4
What is the highest common divisor of 7455 and 560?
35
What is the highest common factor of 687 and 1394610?
687
Calculate the greatest common divisor of 732 and 94855.
61
What is the greatest common divisor of 66 and 33270?
6
Calculate the greatest common factor of 2997 and 22293.
9
Calculate the greatest common factor of 106 and 20.
2
What is the highest common factor of 100350 and 900?
450
What is the highest common divisor of 1178450 and 700?
350
Calculate the highest common divisor of 1070 and 1990.
10
What is the greatest common divisor of 1809 and 178689?
201
Calculate the highest common divisor of 735 and 97.
1
Calculate the highest common factor of 9688 and 504.
56
Calculate the highest common factor of 179531 and 836.
209
What is the highest common factor of 7 and 69545?
7
Calculate the greatest common factor of 3784 and 55.
11
Calculate the greatest common divisor of 664 and 18640.
8
What is the greatest common factor of 64 and 392032?
32
Calculate the highest common factor of 10206 and 2982.
42
Calculate the highest common divisor of 2416394 and 3858.
1286
What is the highest common factor of 357 and 4767?
21
What is the greatest common factor of 196395 and 15?
15
What is the greatest common divisor of 2189 and 517?
11
Calculate the greatest common divisor of 15 and 403395.
15
Calculate the greatest common factor of 124662 and 19434.
474
Calculate the greatest common factor of 120 and 12360.
120
What is the greatest common factor of 22498 and 70?
14
What is the greatest common factor of 26 and 55939?
13
Calculate the highest common divisor of 47946 and 2013.
183
Calculate the highest common factor of 281280 and 20.
20
What is the greatest common factor of 896 and 3542224?
112
What is the highest common divisor of 42368 and 8937?
331
Calculate the greatest common divisor of 4 and 13186.
2
Calculate the highest common divisor of 556 and 103694.
278
Calculate the highest common factor of 19647 and 6401.
37
Calculate the highest common factor of 140 and 14990.
10
Calculate the highest common divisor of 194369 and 14.
7
Calculate the greatest common factor of 7 and 4774.
7
Calculate the highest common divisor of 792042 and 11211.
303
What is the highest common factor of 50 and 174170?
10
Calculate the highest common factor of 174816 and 288.
288
What is the greatest common factor of 80 and 146760?
40
Calculate the greatest common factor of 7596 and 81.
9
What is the highest common factor of 73644 and 11058?
114
What is the highest common divisor of 307200 and 420?
60
What is the greatest common factor of 203 and 1290877?
203
What is the highest common factor of 456 and 330600?
456
What is the highest common factor of 63 and 25494?
21
Calculate the highest common divisor of 3 and 270843.
3
Calculate the greatest common divisor of 165 and 342375.
165
Calculate the greatest common divisor of 63285 and 690.
15
Calculate the highest common divisor of 5310 and 31590.
90
What is the highest common factor of 3769 and 11?
1
What is the greatest common factor of 468 and 693732?
156
Calculate the highest common factor of 134350 and 20.
10
What is the greatest common divisor of 640 and 40780?
20
Calculate the highest common divisor of 3078 and 30456.
162
Calculate the greatest common divisor of 92 and 40020.
92
Calculate the greatest common factor of 174708 and 3036.
276
What is the greatest common divisor of 999 and 27?
27
Calculate the greatest common factor of 46907 and 7.
7
Calculate the highest common divisor of 696 and 5064.
24
Calculate the highest common divisor of 15913023 and 21.
21
What is the highest common divisor of 16790 and 30?
10
What is the greatest common factor of 2 and 107714?
2
Calculate the greatest common divisor of 95866 and 2.
2
Calculate the highest common factor of 6192 and 1152.
144
Calculate the greatest common divisor of 39 and 10659.
3
Calculate the highest common factor of 319 and 142419.
29
Calculate the highest common factor of 679 and 1359067.
97
What is the highest common factor of 2242 and 646?
38
Calculate the highest common divisor of 225080 and 120.
40
What is the greatest common factor of 2481 and 63?
3
Calculate the greatest common divisor of 1003226 and 58.
58
What is the greatest common factor of 24052 and 476?
28
What is the highest common factor of 1150 and 136450?
50
What is the greatest common factor of 199719 and 4212?
351
Calculate the highest common factor of 40 and 3964360.
40
What is the greatest common divisor of 3563 and 357?
7
Calculate the highest common factor of 266518 and 154.
14
What is the highest common divisor of 161 and 71070?
23
What is the highest common divisor of 64 and 1745600?
64
What is the highest common divisor of 422 and 2317835?
211
What is the highest common factor of 4 and 691206?
2
Calculate the highest common factor of 227871 and 693.
63
Calculate the highest common divisor of 300 and 1695.
15
Calculate the highest common factor of 72 and 54882.
18
What is the highest common factor of 2615599 and 21?
7
What is the highest common factor of 9785 and 12920?
95
What is the highest common factor of 144 and 5594?
2
What is the greatest common factor of 3186 and 2242?
118
What is the greatest common divisor of 39 and 148720?
13
What is the highest common divisor of 135976 and 2760?
184
What is the highest common divisor of 245 and 46501?
49
What is the highest common factor of 3792 and 47874?
474
What is the greatest common divisor of 308990 and 318?
106
Calculate the highest common factor of 10365 and 40.
5
Calculate the greatest common divisor of 2479 and 7141.
37
What is the greatest common factor of 2772 and 13068?
396
What is the highest common factor of 98340 and 38889?
447
Calculate the highest common factor of 350 and 46690.
70
What is the highest common factor of 5934 and 782?
46
What is the greatest common factor of 3441 and 403?
31
Calculate the greatest common divisor of 22489 and 5203.
43
What is the greatest common factor of 68067 and 7047?
27
What is the highest common divisor of 26316 and 324?
36
What is the greatest common divisor of 50 and 172?
2
Calculate the greatest common divisor of 155168 and 1696.
32
What is the greatest common divisor of 473673 and 123?
123
Calculate the greatest common divisor of 40721 and 43.
43
What is the greatest common factor of 216 and 778572?
108
Calculate the highest common factor of 5560 and 67832.
1112
Calculate the highest common factor of 725270 and 728.
182
Calculate the greatest common divisor of 2761380 and 2436.
348
What is the greatest common factor of 479745 and 14?
7
Calculate the greatest common divisor of 313816 and 48.
8
What is the greatest common factor of 27082 an